0 = -4*w - 4*t - 0 + 20, 3*w + 4*t = 19. Suppose -6*o - 19 = -w. Determine k(o).
-3
Suppose -8*h - 111 = -40*h - 431. Let i(z) = 7*z**2 + 15*z - 13. Let j(c) = -4*c**2 - 7*c + 7. Let x(d) = 3*i(d) + 5*j(d). What is x(h)?
-4
Suppose 151*d + 127*d = 556. Let j(k) = 6*k**3 + 3*k**2 - 3*k. What is j(d)?
54
Let h(w) be the second derivative of w**4/12 + 4*w**3/3 + 7*w**2/2 - 752*w. Give h(-3).
-8
Let n(j) = -j**3 - 15*j**2 - 27*j - 11. Let o = -1257 + 1244. Give n(o).
2
Let i = -255 - -605. Let f(l) = 348*l - l**2 + 14 - 9 - i*l. What is f(-4)?
-3
Suppose 3*k - 42 = -18. Suppose -p + k = 4. Let u(j) = 0*j + 12647 - 12642 - 2*j. Determine u(p).
-3
Let s(r) be the third derivative of -r**6/120 + 2*r**5/15 + 11*r**4/24 - 2*r**3/3 - 7*r**2. Suppose -7*v - 18 = -2*i - 10*v, 7*v - 18 = -2*i. Determine s(i).
14
Let d(j) be the second derivative of j**5/120 + 5*j**4/24 + 37*j**3/6 + j**2 - 2*j + 2. Let x(q) be the second derivative of d(q). Give x(-3).
2
Let t(i) = -2764*i + 5568*i + 19 - 2773*i. Calculate t(3).
112
Let v(u) = -u**2 + 24*u - 88. Suppose -4*d - 20 = 0, -5*i - 4*d = 3 - 78. What is v(i)?
7
Let l(i) = i**3 + 9*i**2 - 2*i - 15. Let r = -180 + 182. Let u be r/(-15) - (12 - (-517)/(-165)). What is l(u)?
3
Let o = 62 + -60. Suppose b + 3*v = 13, -5*b - o*v = -v - 23. Let m(z) = z**3 - 4*z**2 + 3*z + 4. Calculate m(b).
16
Let c(o) = -11*o - 10 + o**2 + 7*o + 3*o. Let k be c(4). Let j(f) = 10*f**3 - 1 + 3*f + 12*f**3 - 23*f**3. Determine j(k).
-3
Let s(h) = 0 + 9 - 10. Let a(n) = -n + 6. Let z(f) = a(f) + 5*s(f). Let l(y) = -y - 5. Let k be l(0). What is z(k)?
6
Let p(s) = s**3 - 8*s**2 + 6. Suppose 0 = 4*w + y + 4*y + 71, -2*w + 2*y - 22 = 0. Let u be (1 - 9/2)*32/w. Calculate p(u).
6
Let x(d) be the second derivative of 1/12*d**4 + 26 - 3/2*d**2 + 1/6*d**3 - 2*d. Determine x(-3).
3
Let y(b) = b**2 + 2. Let g(m) = -m**2 - 3. Let z(s) = -2*g(s) - 3*y(s). Let q be (1 + 1 - -5) + 204 + -212. Determine z(q).
-1
Let o = 628 + -585. Let z(j) = 92*j - 4 + j**2 - 48*j - o*j. Calculate z(2).
2
Let h(q) be the third derivative of 0*q - 1/60*q**5 + q**2 + 1/12*q**4 + 26 - 2/3*q**3. Calculate h(0).
-4
Let f(z) = 2 + 1 + 0 - 1 + 13*z - 3. Suppose -p = -5*c + 9, -13 = -5*c + p + p. What is f(c)?
12
Let v(d) = 5*d**2 - d - 1. Suppose 9 = 11*g - 46. Suppose 7*t - 4 = -g*x + 4*t, -3*x = t. Calculate v(x).
5
Suppose -5*j + 5 = -4*r + 2, 3*r = -3*j + 18. Let o(g) = 7*g**2 + 0 + 9*g + 4 + g**j + g - 18*g. Give o(-8).
4
Suppose -480 = 160*i - 0*i. Let n(o) = -4*o - 15. What is n(i)?
-3
Let h(r) be the first derivative of -r**2 + 1. Let j = -1229 + 297. Let m = j - -929. What is h(m)?
6
Suppose 9 = t - 2*d, d - 23 = -3*t + 5*d. Let v(y) = 3 - 82069*y**2 - 7*y - y**3 - 3 + 82075*y**2. Calculate v(t).
-10
Let q(d) = -2*d + 11. Let o(n) = -n + 2. Let x(k) = -3*o(k) + q(k). Let g be 55/33 - 2/(-6). Suppose -g*r + 4 = -4. Determine x(r).
9
Let k(r) = r**3 + r**2 - r + 3. Let t(j) = -j - 8. Let m be t(-6). Give k(m).
1
Suppose 0 = 22*y - 24*y + 10. Suppose 2*q + 2 = y*f - 0, -3*q + 39 = 3*f. Suppose -10*h = -q*h - 4. Let a(d) = -d**2 + 5*d - 6. Calculate a(h).
-2
Let s be (1/2)/((-3)/12). Let x = -99 - -100. Let y(d) = -18*d + 18*d - x - 4*d. Calculate y(s).
7
Let v(j) = -5*j**3 - 80*j**2 - 458*j - 175. Let h(x) = 2*x**3 + 27*x**2 + 158*x + 59. Let c(s) = -8*h(s) - 3*v(s). Calculate c(28).
-3
Let f(w) = -w**2 - 14*w + 23. Let g be ((-156)/66)/(22/121). Determine f(g).
36
Let x(i) = 6*i - 20. Let b(f) = -7*f. Let t(y) = -2*b(y) - 2*x(y). Determine t(-21).
-2
Suppose 2411 = -16*f + 2443. Let c(x) = -2*x**2 + 29*x - 59. What is c(f)?
-9
Let j(q) = 4*q**2 - 4*q - 3*q**2 - 19 - 7. Let i(t) = -t**3 - 613*t**2 - 1241*t - 31. Let h be i(-2). Calculate j(h).
-5
Suppose 4*p - 2*j = -28, 0 = 75*p - 80*p - 4*j - 35. Let g(x) = 2*x - 9. Calculate g(p).
-23
Let w(c) = -26*c**3 - 88*c**2 + 31*c - 63. Let d(m) = -5*m**3 - 17*m**2 + 6*m - 13. Let l(o) = -21*d(o) + 4*w(o). Determine l(0).
21
Let k(b) = -5*b**3 + 15*b**2 - 15*b + 24. Let x(r) = -2 + 183*r - 184*r - 4*r**3 + 5*r**3 + r**2. Let o(l) = -k(l) - 4*x(l). Give o(18).
2
Let y(j) = 70*j + 836. Let g be y(-12). Let p(m) be the second derivative of -m**3/6 - 5*m**2/2 - 3*m. Determine p(g).
-1
Suppose 2*a + 2 + 2 = 0. Let s(k) = 2*k + 47. Let b be s(-13). Let h(l) = l**3 - b + 14 + 2*l + 10 + 2*l**2. Determine h(a).
-1
Suppose 5*b = -695 - 6565. Let z = 1458 + b. Let g(l) = -1 - 2*l + 1. Calculate g(z).
-12
Let g(h) be the third derivative of -h**6/120 - h**5/60 + h**4/24 + 17*h**3/6 + 13*h**2 - 6*h - 48. Let z = 0 + 0. What is g(z)?
17
Suppose 3*w = 7*w - 48. Let y(j) = -j**3 + w*j - 8*j - 8*j + 4 + 5*j**2. Suppose 0 = 5*h - 3*g - 5, -19*h + 2*g = -14*h - 10. Give y(h).
4
Let r(g) = -g**3 - 2*g**2 + g - 2. Let f be 18/(-27)*(-9)/(-6). Let u(t) = -3*t**3 - 13*t**2 - 6*t - 11. Let c(m) = f*u(m) + 2*r(m). Calculate c(-8).
7
Let q(k) = k**2 - 10. Let x(t) = -3*t**2 + t + 20. Let s(l) = -2*q(l) - x(l). Suppose 4*y - 5 = -y. Give s(y).
0
Suppose 0 = -i - 4, 4*i + 8 = q + 3*q. Let p(m) = -3 + 13 - 11 + 4*m. Calculate p(q).
-9
Suppose 56*h = 52*h + 36. Suppose 19 = -3*o + 2*t + 1, 3*o + h = -t. Let v(n) = -n**3 - 4*n**2 - 2*n - 3. What is v(o)?
5
Let d(i) be the first derivative of 3*i**3/2 - 57*i + 71. Let x(k) be the first derivative of d(k). What is x(-2)?
-18
Let l = -2769 + 2771. Let b(w) be the first derivative of l*w**2 - 4 - 1/3*w**3 - 3*w. What is b(3)?
0
Let q(b) = -2*b**2 + 3*b - 1. Let j(p) = -p**2 - 15*p + 18. Let h(l) = j(l) - 2*q(l). Calculate h(6).
2
Let b(h) = h**3 + 2*h**2 + 6. Let q be (0 - 1) + (0 - 6/(-6)). Let u be b(q). Let o(i) = -i**3 + 6*i**2 - 3*i - 6. Calculate o(u).
-24
Let c(n) be the second derivative of 3*n**3/2 + 10*n**2 + 62*n + 2. What is c(-2)?
2
Let t(z) = -z - 11. Suppose 19*c - 14*c = -s - 14, 4*s - c + 14 = 0. Determine t(s).
-7
Let q(v) be the third derivative of -v**6/120 - 3*v**5/20 - v**4/6 - 3*v**3/2 - 89*v**2 - 8*v. What is q(-4)?
-73
Suppose 0 = 5*y + 5*f - 62 - 3, -6 = 2*f. Suppose -10 + y = 3*i. Let x(o) = 5*o**2 - 24*o + 22*o + 3 - i. Give x(1).
4
Let s be 6*(1/(5/10) - 0/5). Let o(k) = -k**3 + 12*k**2 - k - 27. Determine o(s).
-39
Let f = -323 - -340. Let m(t) = -8*t**2 - 11*t**3 + 24*t**2 - f*t**2 - 12*t**3. What is m(-1)?
22
Let z(g) = -9*g - 27*g - 8*g + 14*g + g. Determine z(-1).
29
Let l be 20/(-6)*(-60)/50. Suppose -8*x + l*x - 32 = 0. Let m(p) be the second derivative of -p**4/12 - 5*p**3/3 - 9*p**2/2 - p. Give m(x).
7
Let k(i) = 1. Let l(o) = o**3 + 6*o**2 - 6*o - 4. Let c(g) = -5*k(g) - l(g). Let p be -17 + 15 - (-2 - -2). Let b be 2/4 - (-17)/p - -1. Determine c(b).
6
Let m(x) be the first derivative of -x + 167 + 0*x**3 + 11/2*x**4 - x**2. Calculate m(-1).
-21
Let i = 8 - 2. Let w(d) be the first derivative of -d**5/60 + d**4/4 - d**3/6 + 2*d**2 + 3*d + 212. Let y(u) be the second derivative of w(u). Determine y(i).
-1
Let w = 75 + -69. Let d(a) = -w + 2*a + 3*a**2 - 2*a**2 + 4 + 2*a**2. Suppose -5*x + b = 6 + 4, 2*b = x + 2. Determine d(x).
6
Let x(a) = -a**3 + 5*a**2 + 6*a + 6. Let v = -138 - -168. Suppose 247*l - 242*l = v. What is x(l)?
6
Let d(s) = 4*s**2 + 2*s**2 + 4*s - 4*s**2 + 2*s**2 + s - 9. What is d(-4)?
35
Let t(j) be the second derivative of -j**5/20 - 5*j**4/6 - 6*j**3 - 161*j**2/2 + 4935*j. Determine t(-8).
-1
Let u(o) be the first derivative of -9*o**2 + 10*o**2 - 2*o**2 + 50 + 13*o. Give u(9).
-5
Let l(q) = -5*q**2 - 4*q - 14. Let j(n) = n**2 + 3*n + 1. Let k(h) = 7*h**2 + 12*h + 16. Let v(y) = -3*j(y) + k(y). Let t(d) = -3*l(d) - 4*v(d). Determine t(0).
-10
Let k(c) be the third derivative of 0*c**3 - 6 + 0*c - 1/12*c**4 + 3*c**2. Let y be 2*4/((-24)/9). Determine k(y).
6
Let l be ((-25)/(-50))/((5 + -10)/(-30)). Let g(f) = -16*f + 3. Calculate g(l).
-45
Let z(b) be the second derivative of b**4/12 - b**3/2 + 6*b**2 + 23*b + 2. Give z(8).
52
Let g = -17255 + 51767/3. Let u(m) be the second derivative of -3*m**2 - 33*m + 0 + g*m**3 + 1/12*m**4. Calculate u(-8).
26
Let q = 65 - 62. Let a(y) = 2*y**2 + y**2 - 44*y + 51*y - 2*y**2 - q. What is a(-7)?
-3
Let f = -6635 - -6637. Let c(d) = -5*d + 16. Determine c(f).
6
Let p(t) = -11*t - 6. Let o(r) = -r**3 + 6*r**2 - 3*r + 17. Let m be o(6). Let w be p(m). Let j(s) = 5 - s**3 + 4 - 5 + 5*s**2. Calculate j(w).
4
Let t(